0
What is the value of -5 + (2 - (6 - 19)) + (-47 - -70 - 107)?
-74
Evaluate (5 + -2 - 3) + -23 + (38 - 15).
0
Evaluate -2 + 11 + 14 - 12 - (73 + -26).
-36
-136 + 9 + (133 - 35)
-29
Calculate (-49 - 10 - (-45 - -5)) + 20.
1
What is the value of (0 + 5 - (-182 + 172)) + -59?
-44
Evaluate -245 + 244 + 1 + 72 + -9.
63
What is the value of (-21 - 2) + (92 - 43 - -61)?
87
78 + (-45 - (-7 + 2 - 17))
55
What is -27 - (6 + -17) - (-8 - 1) - (-1 - 7)?
1
What is the value of -7 + -2 + -6 + (-32 - -48) + -16?
-15
What is the value of (-16 + 11 - -5) + -1 + (39 - (-17 + 7))?
48
26 - (-8 - (24 - 0 - (18 - 42 - -40)))
42
Evaluate (57 - 16) + (5 - (-5 - 4)) - -14.
69
What is the value of 483 - 481 - (-5 + (-2 - -41))?
-32
Evaluate (-3 - (23 - 10)) + 81 + -28 + -35.
2
What is the value of (23 - ((450 - 442) + 1 + 3)) + 15?
26
Evaluate 33 - (-30 + 70 - -19).
-26
-40 + ((28 - 13) + -33 - 9)
-67
8519 + -8510 + (1 - 22)
-12
What is the value of (8 - 0 - 1) + (-11763 - -11773)?
17
Calculate -68 + -8 - ((0 - -3) + -19 + 25 + -18).
-67
-70 + (31 - (-8 - -19)) + 6 + 17
-27
Evaluate -1 + 58 - (7447 - 7420).
30
Calculate (35 - (-28 + 139)) + (0 - -3) + 15.
-58
What is the value of (95 - (2 + 109)) + 2 + -19?
-33
5 + (65 - 154) + 13
-71
What is -11 + (110 - 121 - (-2 + -29)) - -57?
66
(-6 - (-73 + 53)) + 50
64
Calculate -578 - -581 - (5 - -10) - (116 + 2).
-130
521 + -532 - (4 - -1) - 22
-38
What is (2 - 3 - 4) + 7 + 20 + -38?
-16
Calculate -119 + -47 - -77 - -107.
18
-34 - -1 - (40 - -1 - 28)
-46
-18 + -12 - (-145 + 168)
-53
What is the value of 20 + -12 + 50 + 9 + -13?
54
What is 46 + 28 + 12 + (13 - 45)?
54
Evaluate -14 + (2 + -7 + 21 - 23 - (-3 + -100)).
82
Evaluate -32 - (40 - 39) - -34.
1
Calculate -2 + 27 + 2 + 16 + 4 + (14 - 20).
41
Calculate (0 + (-13 - (-25 - -14)) - -64) + -15.
47
Evaluate 51 + 55 + -55 + -119.
-68
Calculate (-7 - 14) + -115 + 170.
34
What is (6 + (-28 - -19) - -13) + (4 - 14) + 2?
2
What is -1 - 3 - (-40 + 64 - 32) - -22?
26
Calculate 26 + -23 + 25 + -9 + -59.
-40
What is the value of (-39 - 22) + 16 - (3 - -1) - (1 - 5)?
-45
What is the value of 30 - (41 - (22 + 4 + 45))?
60
Calculate (7830 - 7847) + (2 + -3 + 71 - 2).
51
16 + -17 + 22 + -11 + -1
9
What is 78 - (80 - 49) - 61?
-14
9 - (18 + 20 + -135 + 4)
102
Calculate 38 - ((10 - (7 - -2) - 4 - 8) + 1).
48
What is the value of (-52 - (33 - -2)) + -7 - -11?
-83
Calculate -16 - (-80 + 54 - -20).
-10
What is the value of (-4 - 2 - (-6 + 4)) + -164 + 161?
-7
Calculate -36841 + 36881 - (-10 + 0 - (-2 - -1)).
49
Calculate (-14 - -8) + (-14 - (4 - 22)).
-2
What is (-691 - -714) + (-1 - 13) + 5 + -69?
-55
What is 28 + 31 + -106 + 11 + -6?
-42
Evaluate 1 + 47 + (23 - (16 + -8 + 25)).
38
What is -5 - (9 - (-5 - 43) - 30)?
-32
Calculate 94 - (22 + (-22 - -11) - -5).
78
(-19 - -57) + -27 + -24 + 1 + 1
-11
Calculate (-1 - -70) + 2 + (-18 - -11 - -15) + -2.
77
(0 - (-3 + 2 - 31)) + 4 + 95 + -99
32
What is the value of 344 - 351 - (-3 - ((12 - -3) + -2))?
9
What is 29 - (39 - (-43 + 40))?
-13
What is 5 + (-4 - (0 - (4 - (-7 - -5 - -11))))?
-4
What is 25 + 6 + (-7 - (-14 - -21)) + (3 - -2)?
22
7 - 1 - 1 - (-13429 - -13459)
-25
8 + -19 + (114 - -23) + -22
104
Evaluate ((11 - 39) + -2 - 11) + 130.
89
Calculate 0 + -24 + 66 + -86.
-44
(0 - -9) + (16 - (4 - (11 - 15 - 13)))
4
Calculate -192 + 104 + (-9 - -7) + 2 + 17.
-71
What is (0 - -3) + -47 + (-12 - (-20 - -15 - 4))?
-47
What is the value of 63 + 78 + -19 + -100?
22
What is the value of -65 + 37 + 13 + -69 + 39?
-45
Evaluate -41 - -37 - (5 - (40 + -28)).
3
Calculate -73 + 112 - (-8 - ((-11 - (4 - -4)) + 5)).
33
42 + (2 + -78 - -32) + 16
14
What is -30 + 10 + -5 + 12 - (-3 + 2 - -18)?
-30
What is 32 + (-13 + 1 - -21) + (1 - 22)?
20
Calculate (-10144 - -10136) + (0 - (-1 - (-2 + 118))).
109
Calculate (124 - 74 - 46) + 2 + 21.
27
What is 6 - ((-1 + -5 - (-56 + -5)) + 3 + 11)?
-63
What is 541 - 660 - (-26 + 1) - (-4 - -28)?
-118
(31 + (-11 - 4) - 4 - -32) + 8
52
Evaluate 32 + 1 + (6 - 20 - -5).
24
0 + 30 + (1940 - 1972) + 84
82
What is 16 - (-15 + 64) - (29 - 25)?
-37
Evaluate -51 - 0 - (15 + (-12 - 17)).
-37
What is the value of 9 + 204 + -101 + -41 + 5?
76
Evaluate 1 + -66 - (-6792 - -6810).
-83
Calculate -1 + 33 + (-29 - 0) + (46 - (-1 + 0)).
50
Calculate 25 - 11 - 12 - 39 - -13.
-24
What is 24 - 1 - (-88 - (29 - 98))?
42
What is (-105 - -1) + -514 + 508 + 38?
-72
What is (18 - (19 - -2)) + 16 + -57?
-44
What is -126 + (32 - 11 - (-7 + -4))?
-94
Calculate -3 - (-5 + 15 + 0 - (2 - (-15 - -8))).
-4
What is 28 + (-38 - (43 - 57))?
4
What is the value of 83 + -64 + 27 + -11?
35
Evaluate 157 - (41 + 37) - 69.
10
Evaluate 0 + 97 + -29 + (-20 - -31) - -19.
98
Evaluate 0 + 23 - (42 - 65) - 22.
24
Calculate 86 + (2 + -21 - (-9 + 0 - (10 - 9))).
77
(-16 - 4) + 10 - (-5 - 6 - -8)
-7
40 + (6 + 8 + -13 + -10 - (-15 - -3))
43
41 + 7 + -18 + -10 + -4
16
-80 - (94 + (-46 - 74))
-54
Calculate (-11 - (-27 + 12 + (14 - 6))) + 0.
-4
What is the value of 0 - 70 - (847 + -915)?
-2
(8252 - 8238) + (-39 - (1 - 0))
-26
Evaluate -106 + 84 + -53 + 25.
-50
Evaluate 87 + -46 + 11 - 89.
-37
(-5 - -1) + (-11 - (18 + (-96 - -19) - 8))
52
What is -7 - (-13 - (170 - 113))?
63
What is the value of (88 - 40 - 91) + 84?
41
Evaluate (-7 - (22 - 49)) + (11 - (-65 + 5)).
91
Evaluate -46 - 0 - (-5 + -12 + 17 + -62 + 61).
-45
What is the value of 0 + -20 + -9 + -27 + 3?
-53
What is the value of -1 - 1 - (-27 + (30 - (28 + 8 + -22)))?
9
What is -6 + (17 - -1) + (-54 - (-135 - -94))?
-1
-37 + 0 + (-180 - -207) + -2 + 1 + 51
40
What is 5 + (67 + -18 - 20)?
34
What is 12 + -79 + (431 - 345)?
19
What is (44 - (0 - 20)) + -9 + -15?
40
What is 7 - (7 + 12 + 76)?
-88
-8 - (18 - (19 - 17)) - 12
-36
-169 + 61 + 2 + 28
-78
What is 32 + (51 - (-36 + 98))?
21
What is the value of -5 - ((-1 + 8 - 5) + -14 + 32 + -9)?
-16
What is the value of 53 + (8 - 50) + 35?
46
Calculate -146 + 92 + 52 + -6.
-8
Evaluate (9 - 6 - -7) + -10 + -5 + 3 + 18.
16
Evaluate -12 + 46 + 14 + -21 + 16.
43
What is the value of 2 + 4 - 2 - (-44 - (-29 + 21))?
40
-3 + 177 + -192 - (-3 + 2 - -17)
-34
Evaluate 38 + (76 - (-11 + 114)).
11
What is -136 - (-20 + (2 + 19 - (3 - 1)))?
-135
Evaluate 31 + -12 + -1 + -121 + 145.
42
-12 + 10 + 7 + 4 + 0
9
Evaluate 9 - (86 + -218 + 2 + 39).
100
What is 1 + -4 + 58 - (491 - 460)?
24
What is the value of 12 - (4 + -4) - ((-16 - -24) + (73 - -2))?
-71
-63 + -48 + (157 - 29) - (-103 + 0)
120
What is -32 + -80 + 78 + 26?
-8
What is the value of 1361 + -1346 - ((-2 - 6) + 5 - -53)?
-35
What is the value of 0 - (2 - 1) - (55 + (42 - 85))?
-13
What is -54 + (1 - 4) + 9 + -8 + -785 + 777?
-64
-155 + 217 - (1 + 16) - 14
31
Calculate -84 - (48 + -127) - (1 - (0 + -47) - 2).
-51
107 - ((6 - (1 + 0)) + (669 - 654))
87
Calculate 4 - ((-10 - -46) + (-7 - 60)).
35
What is -2 + -1 - (-10 - (-13 - (-1 - -5))) - 21?
-31
Calculate (12 - -114) + (4 - (10 - (-15 + 15))).
120
Evaluate 7 - (49 - 68 - (-5 - 1)).
20
What is the value of -11 - ((-4 - 7) + -3) - -39?
42
What is the value of (-9 - -17) + (-44 - (3 - -8) - -11)?
-36
Evaluate -7 + 46 - (-4 + -13 + 16 + -14).
54
What is 12 + (0 - (16 - (6 - (2 - 1))))?
1
What is the value of -103 - 5 - (16 + (-17 - (-20 - -3) - 14))?
-110
What is (1 + 36 - (424 + -373)) + -124?
-138
What is 40 + (-21 + -79 - -116)?
56
(-5 + 2 - (2 + 25)) + -249 + 239
-40
Calculate -5 + 6 + 1 - (1 - -33 - 20 - -93).
-105
104 + (-11 - (36 + 151))
-94
Evaluate (18 - (23 - -7) - -27) + 1 + 14.
30
Evaluate 27 + (-34 - -3 - (-77 - -57)).
16
Calculate -1 + 6 + (38 - (-41 - -85)) + (-1 - 51).
-53
What is 24 + 69 + -125 + 71?
39
What is (-10 - -81) + -42 + -73 + -1?
-45
-13 - (14 - (17 - (-18 - -25)))
-17
Evaluate (13 - -46 - 172) + 3.
-110
Calculate -3 + (1 - 10) - (65 + -56 + 17).
-38
What is the value of 4 + -6 - (-3 + -13 + (11 - -9)) - 31?
-37
Evaluate 71 + (-2 - ((-10 - -19 - 11 - -7) + 3)).
61
Evaluate (3 + -1 - (23 - 18)) + 2 + 65.
64
What is the value of -3 - -1 - (-4 - (4 - 3)) - (2282 - 2307)?
28
-100 - -105 - -88 - 121
-28
What is 7 + -17 + -129 + 2 - -38?
-99
What is the value of (-1 - 23) + (-4 - -30) + (-280 - -196)?
-82
Evaluate 19 + -2 - (-18 - (-78 - 1)).
-44
What is the value of 552 + -573 + (3 - (5 + -93 + -5))?
75
Evaluate 10 + -21 + (-11 - (25 + -52)).
5
Evaluate (-1 + 2 - (-4 + 19